?
False
Does 105 divide 62018?
False
Does 25 divide 1921844?
False
Is 3 a factor of 6682?
False
Is 14 a factor of 116899?
False
Does 27 divide 1441233?
True
Is 851681 a multiple of 643?
False
Does 81 divide 14271942?
False
Is 186138 a multiple of 21?
False
Does 3 divide 121617?
True
Does 20 divide 67700?
True
Is 12 a factor of 9492?
True
Is 135072 a multiple of 12?
True
Does 1640 divide 11070000?
True
Does 7 divide 186557?
True
Does 198 divide 6030112?
False
Is 162 a factor of 76140?
True
Is 3 a factor of 230646?
True
Does 2681 divide 25796550?
False
Does 27 divide 177201?
True
Does 283 divide 18925603?
False
Is 237 a factor of 164562?
False
Is 758835 a multiple of 63?
True
Is 485712 a multiple of 36?
True
Is 96 a factor of 11357580?
False
Is 37125 a multiple of 33?
True
Does 76 divide 897041?
False
Is 2163091 a multiple of 21?
False
Does 5 divide 58834?
False
Is 4607744 a multiple of 256?
True
Is 9297 a multiple of 25?
False
Is 3317463 a multiple of 82?
False
Is 36 a factor of 104184?
True
Does 12 divide 274345?
False
Is 1817277 a multiple of 35?
False
Does 145 divide 850527?
False
Is 1837 a factor of 31458625?
True
Is 747650 a multiple of 10?
True
Is 350608 a multiple of 34?
True
Is 946720 a multiple of 485?
True
Does 720 divide 7009920?
True
Is 16 a factor of 8291216?
True
Is 3 a factor of 580971?
True
Is 126 a factor of 1151892?
True
Is 8019 a multiple of 99?
True
Is 3328232 a multiple of 248?
False
Is 1060948 a multiple of 49?
True
Is 150 a factor of 169800?
True
Does 171 divide 1357227?
True
Is 110 a factor of 460570?
True
Is 3414 a multiple of 6?
True
Is 990 a factor of 7265876?
False
Is 472266 a multiple of 9?
True
Is 6016528 a multiple of 783?
False
Does 34 divide 3810380?
True
Is 3688 a multiple of 2?
True
Is 1110604 a multiple of 587?
True
Does 64 divide 200255?
False
Is 213 a factor of 619830?
True
Is 4144807 a multiple of 587?
True
Does 104 divide 46800?
True
Does 8 divide 1392823?
False
Is 1701190 a multiple of 85?
True
Is 4298528 a multiple of 13?
True
Is 54 a factor of 170640?
True
Is 159652 a multiple of 98?
False
Is 35 a factor of 754740?
True
Is 200 a factor of 10400?
True
Does 55 divide 8916583?
False
Is 150960 a multiple of 10?
True
Does 931 divide 17563315?
True
Does 36 divide 463320?
True
Does 10 divide 345170?
True
Is 10079118 a multiple of 126?
True
Is 62 a factor of 79858?
False
Is 67314 a multiple of 16?
False
Is 5380058 a multiple of 125?
False
Is 13157950 a multiple of 65?
True
Is 14300 a multiple of 110?
True
Is 6551220 a multiple of 9?
False
Does 6 divide 455238?
True
Does 25 divide 245000?
True
Does 6 divide 512826?
True
Does 11 divide 367023?
False
Is 1495 a factor of 29945593?
False
Is 55 a factor of 2772738?
False
Is 328 a factor of 1761347?
False
Is 113355 a multiple of 229?
True
Is 120 a factor of 34873?
False
Is 13 a factor of 332667?
False
Does 892 divide 1057020?
True
Does 99 divide 597500?
False
Is 113 a factor of 13343847?
False
Is 16 a factor of 5032337?
False
Is 19 a factor of 1434595?
True
Does 12 divide 1414752?
True
Is 6 a factor of 391891?
False
Is 7700179 a multiple of 99?
False
Is 107889 even?
False
Does 338 divide 764969?
False
Is 255 a factor of 1686927?
False
Does 6 divide 17335?
False
Does 31 divide 267818?
False
Is 130034 a multiple of 253?
False
Is 120 a factor of 1755240?
True
Does 100 divide 5374200?
True
Is 9 a factor of 681472?
False
Is 238 a factor of 17850?
True
Does 37 divide 1158156?
False
Is 626 a factor of 6294245?
False
Is 948935 a multiple of 43?
False
Does 392 divide 41912?
False
Is 595896 a multiple of 14?
True
Is 125240 a multiple of 40?
True
Does 447 divide 137514?
False
Is 432 a factor of 4715712?
True
Does 258 divide 1073022?
True
Does 136 divide 2237880?
True
Is 508 a multiple of 16?
False
Does 222 divide 155178?
True
Is 39 a factor of 624601?
False
Is 115 a factor of 561458?
False
Is 735080 a multiple of 30?
False
Is 104213 a multiple of 5?
False
Is 23400 a multiple of 18?
True
Does 72 divide 3249216?
True
Does 73 divide 180938?
False
Is 34636 a multiple of 14?
True
Does 3 divide 184509?
True
Is 1550 a factor of 12578250?
True
Is 260125 a multiple of 20?
False
Is 142206 a multiple of 341?
False
Is 348607 a multiple of 92?
False
Is 1219524 a multiple of 41?
False
Is 30672390 a multiple of 35?
True
Is 31 a factor of 483155?
False
Is 760284 a multiple of 36?
True
Does 265 divide 477090?
False
Does 8 divide 2955?
False
Is 201 a factor of 175747?
False
Is 78 a factor of 750672?
True
Is 96831 a multiple of 29?
True
Is 1281 a factor of 14503482?
True
Is 261613 a multiple of 17?
True
Does 31 divide 20997?
False
Does 3 divide 125110?
False
Is 64494 a multiple of 7?
False
Does 12 divide 4352?
False
Is 1228219 a multiple of 718?
False
Is 12023257 a multiple of 560?
False
Does 312 divide 1632325?
False
Is 13 a factor of 246747?
False
Does 286 divide 9185668?
False
Is 212 a factor of 4396032?
True
Is 1836768 a multiple of 35?
False
Is 1812654 a multiple of 76?
False
Is 638436 a multiple of 249?
True
Is 85 a factor of 110415?
True
Is 615 a factor of 2740440?
True
Is 292556 a multiple of 20?
False
Is 74 a factor of 556875?
False
Is 560592 a multiple of 102?
True
Does 48 divide 354288?
True
Is 2956272 a multiple of 264?
True
Is 9 a factor of 50016?
False
Does 5 divide 1010982?
False
Is 17 a factor of 201920?
False
Is 403136 a multiple of 32?
True
Does 33 divide 216282?
True
Does 59 divide 546989?
True
Is 436340 a multiple of 16?
False
Is 305598 a multiple of 273?
False
Does 175 divide 196525?
True
Is 80567 a multiple of 128?
False
Does 4 divide 1867052?
True
Is 507096 a multiple of 271?
False
Is 1518720 a multiple of 22?
False
Is 133 a factor of 241246?
False
Does 527 divide 125426?
True
Does 17 divide 2094468?
True
Is 176744 a multiple of 12?
False
Is 1052532 a multiple of 338?
True
Does 277 divide 9909675?
True
Is 16 a factor of 1058160?
True
Does 31 divide 341713?
True
Is 14 a factor of 4483780?
True
Is 28 a factor of 3887996?
True
Does 22 divide 2404930?
True
Is 260 a factor of 9264060?
True
Is 29 a factor of 162021?
False
Is 59254 a multiple of 9?
False
Does 419 divide 804480?
True
Is 8136485 a multiple of 2257?
True
Is 638545 a multiple of 5?
True
Does 233 divide 65542?
False
Does 567 divide 7740742?
False
Is 185 a factor of 220890?
True
Does 72 divide 32702636?
False
Is 1967787 a multiple of 279?
True
Is 89 a factor of 190193?
True
Does 14 divide 76325?
False
Is 3818674 a multiple of 1418?
True
Is 79870 a multiple of 55?
False
Is 87 a factor of 447354?
True
Does 332 divide 2434224?
True
Is 5162922 a multiple of 35?
False
Does 365 divide 4307088?
False
Is 17742494 a multiple of 14?
True
Does 20 divide 68026?
False
Is 3 a factor of 13991?
False
Is 633346 a multiple of 20?
False
Is 3900093 a multiple of 14?
False
Does 40 divide 1146960?
True
Is 27 a factor of 5319?
True
Does 8 divide 14160?
True
Is 1950584 a multiple of 89?
False
Is 1139743 a multiple of 682?
False
Is 13 a factor of 41444013?
True
Does 83 divide 2963555?
False
Does 10 divide 1132210?
True
Is 13 a factor of 3202095?
True
Is 307932 a multiple of 402?
True
Does 47 divide 183817?
True
Is 11495320 a multiple of 32?
False
Is 806625 a multiple of 75?
True
Is 7717227 a multiple of 446?
False
Does 10 divide 14846?
False
Is 303 a factor of 3297852?
True
Is 497600 a multiple of 32?
True
Is 160560 a multiple of 240?
True
Is 361 a multiple of 138?
False
Is 2454001 a multiple of 20?
False
Is 179509 a multiple of 62?
False
Is 45489 a multiple of 257?
True
Is 624 a factor of 333215?
False
Does 8 divide 1236144?
True
Does 86 divide 359738?
True
Does 240 divide 4806240?
True
Is 174 a factor of 880266?
True
Is 4 a factor of 22984?
True
Is 27 a factor of 85767?
False
Is 162812 a multiple of 403?
True
Does 387 divide 856968?
False
Is 23890 a multiple of 20?
False
Does 7 divide 66577?
True
Is 15 a factor of 6076365?
True
Does 718 divide 6799460?
True
Does 486 divide 594859?
False
Is 325 a factor of 30377162?
False
Is 24 a factor of 33454?
False
Is 45 a factor of 515430?
True
Does 23 divide 249036?
False
Is 189810 a multiple of 111?
True
Is 69 a factor of 74037?
True
Is 3 a factor of 1008?
True
Is 6157 a multiple of 47?
True
Does 697 divide 16978920?
True
Is 14 a factor of 2891714?
True
Is 1051 a factor of 14376372?
False
Does 11 d